is the greatest common divisor of a and n?
27
Let x = -5687 - -5712. Calculate the highest common divisor of 4475 and x.
25
Let k(d) = 14*d - 2. Let l be k(1). Suppose -2*c = -3*c + l. Let z be (25/10)/(1*(-2)/(-48)). What is the highest common factor of z and c?
12
Suppose -111 = 2*f - 6*f + 5*v, -2*f + 2*v + 54 = 0. Let a be (5/(-10))/((-3)/54). Suppose -100 = -a*q + 116. Calculate the highest common divisor of f and q.
24
Let a(b) be the third derivative of 39*b**5/10 - b**4/8 - b**3/6 + 17*b**2 + 1. Let i be a(-1). What is the highest common factor of 59 and i?
59
Let d(j) = j**3 + 118*j**2 - 362*j + 190. Let g be d(-121). Calculate the greatest common factor of 64653 and g.
69
Suppose 5*w + 4 + 32 = -4*l, l + 2*w = -12. Let c be (1 - -5)/(l/(32/(-6))). Calculate the greatest common factor of c and 128.
8
Let i be (((-300)/10)/2)/(-3). Calculate the highest common divisor of 435 and i.
5
Let h = -40 + 41. Let v be (12/10)/((-52)/(-40) - h). Suppose 6*w - 4*w - v = 0, g + w - 12 = 0. What is the highest common divisor of g and 110?
10
Let v(r) = -r**2 + 367. Let g be v(-19). Let w be ((-3)/(-6))/(1*(-2)/(-312)). Calculate the greatest common divisor of w and g.
6
Let a(p) = p**3 - 6*p**2 + 2*p - 3. Let v be a(6). Let z(x) = 1051*x - 25258. Let s be z(25). What is the highest common divisor of s and v?
9
Suppose -12*a + 438 = 318. Let z(c) = -c - 1. Suppose 0 = 5*w + 21 + 9. Let k be z(w). What is the highest common divisor of a and k?
5
Let h be 1/3 - (-80)/3. Suppose 0 = 5*v - 75 - 0. What is the highest common divisor of v and h?
3
Suppose -2*d + 16 = 4*a, -d - 5*a = -a - 14. Let r(y) = 16 + 25*y - y**d - 10 + 0. Let i be r(24). What is the greatest common factor of i and 330?
30
Let u = -265 - -449. Let w = 267 - -201. Suppose w + 176 = 14*a. What is the highest common factor of a and u?
46
Let q = 1696 - 1636. What is the highest common divisor of 16 and q?
4
Let f be 1524/42 + -8*(-4)/(-112). Calculate the greatest common divisor of f and 2148.
12
Let t(m) = -36*m + 3824. Let o be t(104). Calculate the highest common divisor of o and 1640.
40
Let q be (-8)/(3 - (-120)/(-39)). Let s be -1*((-82)/2 + 2). Calculate the greatest common factor of q and s.
13
Suppose 2*d = 3*d + d. Suppose 0 = 5*k + 4*s - 30 - d, -2*s = -5*k. Let r be 3 - (k + (-2 - 3)). What is the greatest common divisor of 30 and r?
6
Let j be ((-1672)/(-3) + 30/(-5))/((-3)/(-90)). Calculate the highest common factor of j and 20.
20
Let s = 105 - 399. Let l = 359 + s. What is the greatest common factor of l and 13?
13
Suppose 4*i - 3*d - 1499 = 0, -d + 2316 - 805 = 4*i. What is the greatest common divisor of i and 78?
13
Let k = -346 + 364. What is the highest common divisor of k and 2178?
18
Suppose 4*m - 30 = -6, 4*o - 252 = 2*m. Calculate the greatest common divisor of 19910 and o.
22
Let w(r) = -r**3 + 24*r**2 - 42*r + 1. Let h be w(2). Calculate the greatest common divisor of 49 and h.
1
Let r be ((-537)/(-4))/(10/(-12) - (-1421)/1392). What is the highest common factor of r and 16?
4
Suppose 2*v + 63 = s - v, 0 = -s - 3*v + 39. Suppose -j + 20 = -4*r - 5*j, 57 = -5*r + 3*j. Let k = 12 + r. What is the highest common factor of s and k?
3
Let r be 807/30 + (-16)/(-160). Suppose 4*f - 5*f = 2*n - 4, -4*f + 11 = 3*n. What is the greatest common divisor of r and n?
1
Let m(z) = 3*z**2 + 5*z - 18. Let u be m(7). Let a = u + 1035. Suppose -8*s + a = -145. What is the highest common factor of s and 14?
14
Suppose -2*z + 0*z + 26 = 5*t, 2*t = -5*z + 23. What is the highest common divisor of z and 447?
3
Let k(m) = -2*m + 64. Let f be k(-7). Let s = f + 37. Calculate the highest common factor of 23 and s.
23
Let a = -4002 + 4206. Calculate the greatest common divisor of a and 1088.
68
Suppose -38*v - 4392 = 2*v - 29352. What is the highest common factor of v and 2352?
48
Let z(j) = -13*j**3 - 4*j**2 - 24*j - 338. Let y be z(-8). What is the greatest common factor of 212 and y?
106
Let w be ((-38)/(-10) - 3)/(80/3200). What is the highest common factor of 41632 and w?
32
Suppose 64*t + 2662 + 15528 = 74*t. What is the highest common factor of t and 749?
107
Suppose 4533 = 3*q - 3*k, 1507 = q - 17*k + 12*k. Calculate the highest common factor of q and 112.
56
Let n be (-6)/8*(-160)/12. What is the highest common factor of n and 11?
1
Let d be ((-225)/5)/(1/(-33)). Suppose 0 = 11*b - 0*b - d. What is the greatest common factor of 45 and b?
45
Let s be (606/(-8))/((-60)/80). Suppose 0 = s*p - 103*p + 136. Calculate the highest common divisor of p and 17.
17
Let i = 7602 + -7588. Calculate the highest common factor of i and 25634.
14
Let b be 4/(-5)*1*(-10)/4. Suppose 13*z = b*z + 1375. Calculate the greatest common divisor of z and 1.
1
Suppose 7*a = -a + 10*a. Let h(n) = -1 + 0 + 6 + 5*n + n**2. Let s be h(a). Calculate the greatest common divisor of 10 and s.
5
Let z(v) = 3*v**2 + 59*v + 2034. Let d be z(-48). What is the highest common factor of 6 and d?
6
Suppose -4*i - 1 - 11 = 0. Let j(q) = q + 2. Let k be j(i). Let u be -2 - k - (-6 + -46). What is the highest common divisor of u and 459?
51
Let z(f) = 10*f + 8 + 544*f**2 - 545*f**2 + f**3 - 2*f**3. Let j be z(-4). What is the highest common divisor of 256 and j?
16
Let u be 3/(-9) - 97/(-3). Let a be -46 + -372*(-129)/86. Calculate the highest common divisor of u and a.
32
Let c(p) = -30*p + 266. Let h be c(3). Calculate the greatest common factor of h and 208.
16
Let y = -3 - -7. Suppose 16 + 16 = y*f. Let w(n) = -n**3 + 30*n**2 - 39*n - 464. Let g be w(28). What is the greatest common factor of g and f?
4
Let d be (-36)/(-10)*((-100)/(-6))/(-10). Let o be (-105)/(-10)*(-20)/d. Let u = -6 + 13. What is the highest common factor of o and u?
7
Let k(m) = -m**3 - 9*m**2 + m + 8. Let a be k(-9). Let j be a*1 - 63/(-21). Suppose 0*i - j*i = 0, -b + 5*i = -7. What is the highest common factor of b and 21?
7
Let h = -383 + 438. Let t = -42 + h. Calculate the greatest common factor of t and 325.
13
Let u be (-6)/9 - 12/(-18). Let i be u - (-12 + 2) - 1. Let s(x) = 16*x - 4. Let l be s(i). Calculate the highest common factor of 20 and l.
20
Let g(z) = -2455*z + 167. Let l be g(-1). Calculate the highest common factor of l and 276.
138
Suppose -4*c + 9 = 5. Let y be c/(-4) - 3081/(-52). Let w = y - 37. Calculate the greatest common factor of w and 154.
22
Suppose 10*t - 17880 = -4*z, 3*z - 12*t + 15*t - 13383 = 0. Calculate the greatest common divisor of z and 30.
15
Let g = -961 + 978. Let u(y) = -y**3 - 3*y**2 + 2*y + 9. Let t be u(-6). Let q = t - -48. Calculate the greatest common factor of q and g.
17
Let s be (-4)/12 - 2996/(-6). Suppose 9*l = 635 + s. Let i(u) = -u + 4. Let j be i(-10). Calculate the greatest common divisor of j and l.
14
Let v be (-3 - (-1 + -25))*(-8 + (-55)/(-5)). What is the highest common divisor of v and 1173?
69
Suppose 41646 - 120230 = -47*m. Calculate the highest common divisor of m and 228.
76
Suppose 398 - 75 = 17*q. Suppose 3*u = 2*u + q. What is the highest common factor of 152 and u?
19
Let v = -230 + -226. Let x be (-1)/(8/12 + 307/v). Calculate the highest common factor of 76 and x.
76
Let l = 43 + -21. Suppose -l*j + 218 = -860. Let n = -8 + 15. Calculate the highest common divisor of j and n.
7
Let c be 3/((-6)/128*-2). Suppose 9 = -7*f + 8*f + 3*r, f - 6 = -4*r. Let b = f - 10. What is the greatest common factor of b and c?
8
Let o = 1245 + -816. Let r(t) = -t**2 + 44*t - 40. Let y be r(43). Suppose -o = -y*h - 0*h. Calculate the greatest common factor of 13 and h.
13
Let y be (-2354)/(-7) + 12/(-189) + (-88)/396. What is the greatest common divisor of 96 and y?
48
Let o be 3/12 - (-278)/8. Let m = -35572 - -35628. Calculate the highest common divisor of o and m.
7
Suppose -4*z = 3*p - 178, -12*z - 4*p + 223 = -7*z. Let k be (-2)/9 + 94/18. Suppose 0 = k*u + 48 - 1338. Calculate the greatest common divisor of u and z.
43
Suppose -5*t + 17*s + 367 = 18*s, 391 = 5*t - 2*s. Calculate the greatest common divisor of 213 and t.
3
Let j = -10181 + 13157. What is the greatest common factor of j and 434?
62
Let h(f) = 8*f + 3. Let d be h(5). Let g be 4069/156 - 26 - 33/(-36). Calculate the highest common factor of g and d.
1
Suppose 40*y = 41*y + 512. Let w be 84/105 - (y/10 + 0). Calculate t